iple of 7?
False
Is 206162980 a multiple of 157?
True
Does 157 divide 757730513?
True
Is 36683500 a multiple of 1316?
True
Is 274492114 a multiple of 6122?
True
Does 57 divide 48702096?
False
Is 163 a factor of 68462138?
False
Is 1218001 a multiple of 211?
False
Is 945550073 a multiple of 165?
False
Is 46093079 a multiple of 2?
False
Does 5104 divide 545520215?
False
Is 7845 a factor of 1129272060?
True
Does 161 divide 53330606?
True
Is 1096 a factor of 1714144?
True
Is 8 a factor of 463010?
False
Is 133 a factor of 9077516?
True
Is 34984212 a multiple of 331?
False
Is 1437 a factor of 314542056?
True
Is 1193971904 a multiple of 808?
True
Is 920682148 a multiple of 262?
True
Is 157 a factor of 25055787?
True
Does 10 divide 2228109440?
True
Does 9 divide 116654472?
True
Is 3593469996 a multiple of 12?
True
Is 16 a factor of 8077056?
True
Is 32 a factor of 1435232?
True
Is 2948 a factor of 496069895?
False
Is 17700105 a multiple of 12?
False
Is 441758022 a multiple of 271?
False
Is 8218 a factor of 7415323286?
True
Is 4058 a factor of 424926945?
False
Is 15686580 a multiple of 105?
True
Is 44 a factor of 65552319?
False
Is 26282253 a multiple of 1433?
False
Is 1394779567 a multiple of 92?
False
Is 155197234 even?
True
Does 8 divide 40461864?
True
Does 793 divide 940260893?
True
Does 76 divide 2380211099?
False
Is 7071 a factor of 184065414?
False
Is 57920244 a multiple of 9?
False
Does 1727 divide 4526112965?
True
Does 30 divide 6852008965?
False
Does 10 divide 731798405?
False
Is 483 a factor of 914269251?
True
Is 1462364472 a multiple of 13?
False
Does 284 divide 138064897?
False
Is 16 a factor of 17781984?
True
Does 297 divide 77220891?
True
Does 17 divide 880768555?
True
Does 40 divide 18178360?
True
Does 3048 divide 52760880?
True
Is 1213296 a multiple of 24?
True
Is 644083440 a multiple of 390?
True
Is 46 a factor of 7286029?
False
Is 3 a factor of 18515295?
True
Is 182 a factor of 461393716?
False
Is 70 a factor of 292626600?
True
Is 1051 a factor of 141624352?
True
Is 91771776 a multiple of 536?
True
Is 1462 a factor of 143724834?
True
Is 43815906 a multiple of 73?
False
Is 802421154 a multiple of 8?
False
Does 181 divide 34444612?
False
Is 1026193 a multiple of 31?
True
Does 176 divide 775393686?
False
Does 1591 divide 28365939?
True
Is 2281432073 a multiple of 79?
True
Is 921508560 a multiple of 72?
True
Does 5 divide 250387212?
False
Is 9348419 a multiple of 91?
False
Is 231761539 a multiple of 791?
False
Does 42 divide 150376884?
True
Does 63 divide 6918282?
True
Is 530361967 a multiple of 43?
False
Is 346916844 a multiple of 1770?
False
Is 211720412 a multiple of 504?
False
Does 4 divide 9860788?
True
Does 227 divide 1148776223?
False
Does 35 divide 279694380?
True
Is 3656 a factor of 873875400?
True
Is 3318684650 a multiple of 70?
False
Is 56 a factor of 4195352?
True
Is 263 a factor of 3086384316?
False
Is 11641518 a multiple of 1182?
True
Is 61 a factor of 95389543?
True
Is 3331 a factor of 1360957671?
False
Does 2157 divide 66670713?
True
Does 14 divide 366845668?
True
Is 116 a factor of 502916718?
False
Is 150029408 a multiple of 10?
False
Is 211 a factor of 48426188?
True
Does 43 divide 35902033?
True
Is 1581922585 a multiple of 749?
False
Does 4378 divide 51310160?
True
Does 929 divide 448014272?
False
Does 43 divide 2061022311?
False
Is 4147 a factor of 1004679771?
False
Is 491739790 a multiple of 619?
True
Does 28 divide 594872208?
True
Is 61336764 a multiple of 48?
False
Is 532 a factor of 831634636?
True
Does 16 divide 19093382?
False
Is 458335259 a multiple of 181?
True
Is 17 a factor of 378841143?
False
Is 26 a factor of 8898503?
False
Is 14 a factor of 488993366?
False
Is 1397506341 a multiple of 231?
True
Does 9 divide 7362423?
True
Is 1044274020 a multiple of 155?
False
Is 8 a factor of 15176922?
False
Is 3722 a factor of 30155644?
True
Does 360 divide 209437560?
True
Does 6 divide 47696579?
False
Is 760280280 a multiple of 60?
True
Does 738 divide 682706088?
True
Is 24342884 a multiple of 7?
False
Does 31 divide 27233810?
True
Is 476804000 a multiple of 20?
True
Is 19539095 a multiple of 251?
True
Is 8283968 a multiple of 656?
True
Is 729 a factor of 43207923?
False
Does 49 divide 35508240?
False
Is 91 a factor of 39235021?
False
Is 1414141260 a multiple of 124?
True
Is 7444 a factor of 4870783170?
False
Does 19 divide 1958672095?
True
Does 26 divide 53448460?
True
Does 9 divide 377244?
True
Does 124 divide 475436922?
False
Is 572168888 a multiple of 4?
True
Does 746 divide 590521664?
True
Is 42 a factor of 37404948?
True
Is 257905284 a multiple of 12?
True
Is 879989600 a multiple of 189?
False
Is 8632688 a multiple of 73?
True
Does 16 divide 196993184?
True
Is 71330430 a multiple of 326?
True
Is 46 a factor of 11614750?
False
Does 97 divide 40126766?
True
Is 123 a factor of 19777416?
True
Does 57 divide 128380359?
True
Is 168973207 a multiple of 2980?
False
Does 109 divide 109205683?
True
Does 44 divide 80395436?
True
Does 26 divide 254428382?
True
Is 21 a factor of 20689652?
False
Is 10 a factor of 12067091?
False
Does 19 divide 1083601?
False
Does 62 divide 582474996?
True
Does 674 divide 34037000?
True
Is 518992068 a multiple of 76?
True
Is 22640325 a multiple of 20?
False
Does 45 divide 1064966461?
False
Is 3382962913 a multiple of 27?
False
Is 39631206 a multiple of 54?
False
Is 4929618711 a multiple of 572?
False
Is 1042153890 a multiple of 10?
True
Is 258436768 a multiple of 32?
True
Is 84174753 a multiple of 13?
True
Does 42 divide 161690172?
True
Is 60 a factor of 105271920?
True
Is 26 a factor of 284162710?
True
Is 1365 a factor of 31003245?
True
Is 880506675 a multiple of 131?
True
Does 75 divide 47098875?
True
Is 1424572425 a multiple of 159?
True
Does 685 divide 1517751760?
True
Is 1698242 a multiple of 98?
True
Is 39836736 a multiple of 46?
True
Is 8498262 a multiple of 2?
True
Does 4057 divide 319484693?
True
Does 7024 divide 319282944?
True
Is 643003302 a multiple of 62?
True
Is 311764770 a multiple of 138?
True
Is 7 a factor of 11474324?
False
Is 69681541 a multiple of 2121?
False
Is 298666363 a multiple of 492?
False
Is 35 a factor of 9612871?
False
Does 4 divide 11735264?
True
Is 627085892 a multiple of 4?
True
Does 12348 divide 498291192?
True
Is 60 a factor of 4613641137?
False
Is 5557613 a multiple of 87?
False
Is 25853692 a multiple of 156?
False
Is 10 a factor of 175867981?
False
Is 219 a factor of 51193002?
True
Is 1196 a factor of 498775154?
False
Is 61 a factor of 48159683?
True
Is 261 a factor of 642496503?
False
Does 3 divide 788720?
False
Is 93592110 a multiple of 15?
True
Is 78 a factor of 150029412?
True
Is 1014427733 a multiple of 16?
False
Is 4037924160 a multiple of 10810?
True
Does 60 divide 93860700?
True
Is 30 a factor of 23244023?
False
Does 5 divide 104248?
False
Is 16 a factor of 1282778688?
True
Is 10107555 a multiple of 15?
True
Is 139 a factor of 50653514?
False
Does 198 divide 907093?
False
Is 87 a factor of 16559406?
True
Is 1932000 a multiple of 80?
True
Is 853078296 a multiple of 21?
True
Does 137 divide 84428790?
False
Does 1177 divide 52086920?
False
Is 369505483 a multiple of 972?
False
Is 1187 a factor of 83199295?
False
Is 195814400 a multiple of 100?
True
Is 513547125 a multiple of 18?
False
Does 46 divide 21885144?
True
Does 31 divide 9559346?
True
Does 4810 divide 4657422840?
False
Is 217 a factor of 183523545?
False
Does 113 divide 10480976?
True
Is 44068930 a multiple of 144?
False
Does 45 divide 17062151?
False
Does 2170 divide 79849490?
True
Is 15 a factor of 18846240?
True
Is 656301787 a multiple of 17?
False
Does 2632 divide 18211637?
False
Is 255118125 a multiple of 3091?
False
Does 359 divide 364804114?
False
Does 3515 divide 2755577220?
True
Is 23 a factor of 136128421?
True
Is 26 a factor of 108542024?
False
Does 2999 divide 128799232?
False
Is 31731592 a multiple of 16?
False
Does 229 divide 30071924?
False
Is 37702343 a multiple of 6933?
False
Is 188173466 a multiple of 13?
True
Is 15186076 a multiple of 30?
False
Does 21 divide 23409414?
True
Does 6 divide 41157978?
True
Does 117 divide 98898714?
False
Is 5129694 a multiple of 29?
True
Is 2 a factor of 26484225?
False
Does 5 divide 64448744?
False
Is 88 a factor of 3160386?
False
Does 189 div